0, 5*n + 3*z = -73 - 9. Let p = n + 2. Is 47272/20 + (-6)/p + -3 composite?
True
Suppose -3762164 = -38*f + 92243 - 594881. Is f prime?
False
Let s(q) = -1282*q - 10. Let y be s(-2). Suppose -3*g = -y - 287. Is g a prime number?
True
Suppose 4*l - 2*j - 93288 = 0, 0 = -l + 36*j - 41*j + 23311. Is l a composite number?
False
Let d(h) = -32*h - 14. Let a(o) = 1. Let y(b) = 15*a(b) + 3*d(b). Let l be y(-16). Suppose -3*j = l - 6474. Is j a prime number?
False
Suppose 0 = -3*i - 5*l + 81527, 22*i - 20*i = 5*l + 54368. Is i a prime number?
True
Let m be (-63)/(-27) - 1/3. Let s be ((-12)/(-33))/m - (-18)/(-99). Suppose s = -28*h + 23*h + 2595. Is h composite?
True
Suppose r = 3*p + 718404, -5*r + 0*p = -4*p - 3591943. Is r composite?
True
Let x(v) = 249*v**3 + 21*v**2 - 18*v - 151. Is x(13) a composite number?
True
Let a(d) = -41*d - 48. Let l(b) = b**3 - b**2 - 2*b - 13. Let v be l(0). Is a(v) a prime number?
False
Suppose -263*s = -267*s. Suppose 2*k = -h + 555 + 152, -3*h - k + 2106 = s. Is h prime?
True
Suppose -3*i = h - 31, -5*h - i + 85 = -126. Suppose -35*q - 111448 = -h*q. Is q prime?
True
Let y(g) = -5490*g + 4769. Is y(-35) prime?
True
Let r(w) = 999*w**2. Let t be r(-1). Let f be (52/(-12) - (-4)/12)*(-1974)/12. Let p = t + f. Is p a prime number?
True
Let z(w) be the first derivative of 39*w**4/2 + w**3 - 3*w**2/2 - 4*w + 15. Let f be z(3). Is f/24 - (-2)/3 a composite number?
False
Let t(f) = f**3 - 36*f**2 - 33*f - 146. Let o be t(37). Suppose 2*h - 6*h = 0. Suppose 6*r + o*r - 1912 = h. Is r prime?
True
Let f = -22 + 27. Suppose f = -5*p + 3*l, p = 2*l + 2*l - 18. Suppose 4*h = y - 1673, p*y + 3*h - 6*h - 3326 = 0. Is y prime?
True
Is ((-23)/(-4))/((-48)/(-484032)) prime?
False
Suppose 2*x - 2*t = -28116, 0*x = 3*x - 4*t + 42169. Is 22/55 + x/(-5) composite?
True
Let h(v) be the third derivative of 173*v**5/60 - 3*v**4/4 - 37*v**3/6 - v**2 + 86*v. Is h(-6) prime?
True
Let g(z) = -11*z**3 + 3*z**2 - 2*z - 4. Let w(b) = -12*b**3 + 4*b**2 - b - 4. Let v(x) = 3*g(x) - 2*w(x). Let c be v(-3). Let s = -151 + c. Is s prime?
True
Suppose 8 = 162*q - 158*q. Let c = -4691 + 7628. Suppose -4*p - v + c = p, p = q*v + 583. Is p composite?
False
Let t = 279929 - 164032. Is t a composite number?
True
Suppose -24*t - 1050539 + 6280715 = -779976. Is t prime?
True
Let q be 3924/(4 - 2) - (1 + 0). Suppose 3*m - 4*b - 1447 = 0, 0*b = 4*m + b - q. Suppose i - m = 64. Is i a composite number?
True
Suppose 3*f = -2*w + 401392, 2*w - 36*f - 401402 = -34*f. Is w a prime number?
True
Let f = 372 - 197. Suppose 108 = 2*y + 52*y. Is y*2/(-10) - (-137445)/f a composite number?
True
Let q be (3 + 9/6)*304. Let x = q + 249. Suppose x = y - 4*b, -2*b - 3254 = -2*y + 2*b. Is y prime?
True
Is 1 - (3 + 56/(-7)) - -16265 a prime number?
False
Let n be ((-44)/(-4)*-3)/((-1)/(-4)). Is -2 + (-257515)/(-6) + 22/n a composite number?
True
Let l be 0 - (-1 - (-4)/(-1)). Suppose 0 = l*f - 29*f + 110904. Is f a composite number?
False
Let w(d) = -d**2 - 5*d + 67. Let p be w(0). Suppose 1002 = l - p. Is (8/(-4))/(0 - 2/l) a composite number?
False
Suppose -145*c - 9087182 = 5100374 - 62304501. Is c a composite number?
False
Let p be 157/(3/(-45)*-3). Suppose q + 10 = -q, y - 3*q = 20. Suppose 7 = -y*n + 27, 5*n = 5*x - p. Is x a prime number?
False
Suppose -3*w - 4*h = -463433, 185*h = 2*w + 183*h - 308988. Is w a prime number?
True
Suppose 62*s + 27*s - 1665457 = -0*s. Is s a prime number?
True
Let p = -22 + 26. Suppose -2936 = 4*f - 3*h - 1095, p*h = 2*f + 908. Let b = 1525 + f. Is b a prime number?
True
Let r(u) = -59*u - 2. Suppose -5*k + 74 = -26. Let z be k/6*(-39)/26. Is r(z) a prime number?
True
Let s(m) = 6*m - 7. Let c be s(-4). Let d = -31 - c. Suppose -4*n - 47 + 1995 = d. Is n a composite number?
False
Let r(y) = -6*y**3 - 2*y**2 + 28*y + 681. Is r(-14) a composite number?
False
Suppose 2*i = -4*a + 14800, 2*i + 2*a = -2*i + 29594. Let q be 11666/4 + -11*(-7)/154. Let p = i - q. Is p a prime number?
True
Let o(b) = 3071*b**2 + 304*b - 2134. Is o(7) a prime number?
True
Let g be (1366/(-4))/((99/126)/(-11)). Let x = -2602 + g. Is x a composite number?
False
Let x(o) = o + 15*o**2 + 6 - 11*o**2 - 16. Let l be x(-8). Suppose -d + k + 242 + l = 0, 0 = -d - k + 478. Is d prime?
True
Let u(d) = -2*d + 5. Let x be u(5). Let m be 2 + -3 + 3 + (-4 - -16)/(-3). Is 525*1 + (-20)/x + m composite?
True
Let z(g) = 118651*g + 537. Is z(4) prime?
True
Let f(u) = -7*u**3 + 58*u**2 - u + 7. Is f(8) prime?
True
Let n(q) = -17*q**3 + 34*q**2 + 54*q - 43. Is n(-26) composite?
False
Let o(j) = 12108*j + 1549. Is o(54) prime?
False
Let k be 611/65 + 9/15. Suppose 20710 = k*n - 3880. Is n composite?
False
Let g be (-1 - -2)/((-5 + 9)/3132). Suppose q - 7*j - g = -3*j, -5*q = j - 3936. Is q composite?
False
Let r = -391281 - -631828. Is r a composite number?
True
Let x(y) = -64*y + 56. Let r be x(-14). Let c = 2889 - r. Is c a composite number?
True
Let i(b) = -34*b - 204. Let w be i(-6). Suppose 0 = 3*h - 4*s - 31913, 5*h - 2*s - 72913 + 19706 = w. Is h a composite number?
True
Let w(n) = n + 1. Let p(o) = -o**2 + 2*o + 6. Let k(u) = p(u) - 6*w(u). Let m be k(-4). Is 329 - m/(2/4*-2) a composite number?
True
Let f(t) = 38*t**2 + 3*t + 156. Let g be f(-24). Let o = g + -8851. Is o a prime number?
True
Is (-39)/65 - 568238/(-55) prime?
True
Let z = -969 + 972. Suppose -p + z*k = -2884, 5*p = -0*k - 2*k + 14505. Is p a prime number?
False
Let n be 0/(-1) - (2 - -14 - 3). Let s(k) = k**3 + 27*k**2 + 14*k - 5. Is s(n) a prime number?
True
Let y = -88 + 82. Let t be (-1 + (-5)/10)/(9/y). Let g(p) = 1350*p**2 - 4*p + 3. Is g(t) a prime number?
False
Let c be (-2 + (-628)/4 + 2)*-3. Let j = 312 - c. Let i = 382 + j. Is i prime?
True
Let g(m) = 11*m**2 - 7 + 8*m - 4*m**2 + 16*m**2 - m. Let q(f) = -47*f**2 - 14*f + 13. Let v(c) = -7*g(c) - 4*q(c). Is v(2) composite?
True
Let y = -80 + 85. Suppose 5*o = y*r - 2*r + 21992, -4*o - r + 17597 = 0. Is o a composite number?
True
Is 1 + (-13 - 67130/(-14)) a prime number?
True
Suppose 0 = -11*n - 18 + 282. Suppose -921 = n*c - 79425. Is c a prime number?
True
Let t = -36 - -35. Let f be (122/6 - 0)*(t + 178). Suppose 3*u - f + 254 = 0. Is u a prime number?
False
Let d be (-3380325)/(-104) - (-3)/(-24)*1. Suppose 2*a = c + d, 33*a - 31*a - 2*c = 32500. Is a a composite number?
False
Let l be -2 - (0 + -2 + 2). Let f be (l - 0)/((-1)/(-2)). Is (-7387)/f + (-2)/(-8) composite?
False
Suppose -5*a + w = -8, 7*a + 2*w + 1 = 2*a. Is ((1 + -80)/a)/((-4)/28) prime?
False
Suppose -3*c + y + 333 = 0, -2*y = -7 + 1. Let h = c - 73. Is h a composite number?
True
Let v(a) = -46*a**3 - 22*a**2 - 7*a + 77. Is v(-24) a composite number?
False
Suppose -292755 = -31*n + 9*n + 7*n. Is n prime?
False
Let b = 206998 + -59151. Is b prime?
False
Let y(m) = m**2 + 3*m - 11. Let c(q) = q**2 - 4*q - 3. Let u be c(3). Let a be y(u). Suppose 1224 = 2*i - h, i - 594 = a*h - 2*h. Is i composite?
True
Let d(l) = 6466*l + 3303. Is d(8) prime?
False
Suppose 0 = -2*n + 4*f + 66462, -2*n + 3*n - 33207 = 5*f. Is n composite?
False
Let x = 57 - 53. Let t(p) = 654*p - 37. Is t(x) prime?
True
Suppose -17*a + 99 = 16*a. Suppose -a = -n, -r + 3*n = 7*n - 3643. Is r a prime number?
True
Let y be 12/(-10)*270/(-81). Let p be (-101)/(0 + y + -5). Let d = p + 20. Is d prime?
False
Let p be 3*(3 + 0 + (-4)/3). Suppose p*n - 1258 = -4*l - 322, 3*l - 702 = 2*n. Let s = -151 + l. Is s a composite number?
False
Is 13058342/230 - 56/(-35) prime?
False
Suppose 20*s - 5341136 = 4*s. Is s prime?
True
Suppose 0 = 3*k, 0 + 12 = 2*w - 5*k. Suppose -8*y = -6 + w. Suppose y = -4*p + 4*g + 1036, g = -g + 8. Is p prime?
True
Let l be (-122639)/33 - 4/6. Is l/(-1) + -5 + 7 a prime number?
True
Let y(o) = 3*o + 3. Let x be y(-3). Let n be (9/x)/(-3)*6. Suppose -5*h = 3*d - 110, 66 = -0*h + n*h + 5*d. Is h a composite number?
True
Let r(a) = 27*a**3 + 14*a**2 + 64*a + 2. Let w be r(-7). Let f = w + 17332. Is f composite?
False
Let w(k) = -2*k**2 + 6*k - 6. Let x be w(2). Let d be ((-14)/(-8) + x)*-4*3. Is (4/((-16)/(-388)))/(1/d) prime?
False
Let f(c) = c**2 + 2*c - 18. Let n be f(-6). Suppose 5*p - 1031 = 9*q - 11*q, 0 = 2*p + n. Is q a composite number?
False
Let r be (-22)/(-176) + (-92)/(-32). Suppose 28*v - 4